{"id":81,"date":"2025-09-30T09:45:37","date_gmt":"2025-09-30T09:45:37","guid":{"rendered":"https:\/\/shan-hd.de\/?page_id=81"},"modified":"2025-10-09T10:26:18","modified_gmt":"2025-10-09T10:26:18","slug":"vorstand","status":"publish","type":"page","link":"https:\/\/shan-hd.de\/index.php\/vorstand\/","title":{"rendered":"Vorstand"},"content":{"rendered":"\n<div class=\"wp-block-group alignfull has-base-color has-text-color has-background has-link-color wp-elements-fe227aeac1686f07b1e4c2d2c6a8b18d has-global-padding is-content-justification-left is-layout-constrained wp-container-core-group-is-layout-7f4d0a8e wp-block-group-is-layout-constrained\" style=\"background-color:#0000ff;margin-top:0;margin-bottom:0;padding-top:var(--wp--preset--spacing--50);padding-right:var(--wp--preset--spacing--50);padding-bottom:var(--wp--preset--spacing--50);padding-left:var(--wp--preset--spacing--50)\">\n<div class=\"wp-block-group alignwide has-global-padding is-layout-constrained wp-block-group-is-layout-constrained\">\n<div class=\"wp-block-columns alignwide is-layout-flex wp-container-core-columns-is-layout-1da03c2a wp-block-columns-is-layout-flex\">\n<div class=\"wp-block-column is-layout-flow wp-block-column-is-layout-flow\" style=\"flex-basis:75%\">\n<p>Auf der Jahresmitgliederversammlung am&nbsp;<strong>10.08.202<\/strong>5&nbsp;wurde gew\u00e4hlt:<\/p>\n\n\n\n<ul class=\"wp-block-list\">\n<li>Bosen Zhang (Vorsitzender)<\/li>\n\n\n\n<li>Husein Rashidov (1. Stellvertretender Vorsitzender)<\/li>\n\n\n\n<li>Nina Porta (2. Stellvertretende Vorsitzende)<\/li>\n\n\n\n<li>Qiaodi Wu (Kassenwart)<\/li>\n\n\n\n<li>Hasan Rashidov (Schriftf\u00fchrer)<\/li>\n\n\n\n<li>Mario Marcon (Beisitzer)<\/li>\n<\/ul>\n\n\n\n<hr class=\"wp-block-separator has-alpha-channel-opacity\"\/>\n\n\n\n<p>Auf der Jahresmitgliederversammlung am&nbsp;<strong>19.07.2024<\/strong>&nbsp;wurde gew\u00e4hlt:<\/p>\n\n\n\n<ul class=\"wp-block-list\">\n<li>Bosen Zhang (Vorsitzender)<\/li>\n\n\n\n<li>Husein Rashidov (1. Stellvertretender Vorsitzender)<\/li>\n\n\n\n<li>Nina Porta (2. Stellvertretende Vorsitzende)<\/li>\n\n\n\n<li>Qiaodi Wu (Kassenwart)<\/li>\n\n\n\n<li>Christoph Henninger (Schriftf\u00fchrer)<\/li>\n<\/ul>\n\n\n\n<hr class=\"wp-block-separator has-alpha-channel-opacity\"\/>\n\n\n\n<p>Auf der Jahresmitgliederversammlung am&nbsp;<strong>05.05.2023<\/strong>&nbsp;wurde gew\u00e4hlt:<\/p>\n\n\n\n<ul class=\"wp-block-list\">\n<li>Bosen Zhang (Vorsitzender)<\/li>\n\n\n\n<li>Joost Brokke (1. Stellvertretender Vorsitzender)<\/li>\n\n\n\n<li>Nina Porta (2. Stellvertretende Vorsitzende)<\/li>\n\n\n\n<li>Peng Gao (Kassenwart)<\/li>\n\n\n\n<li>Linghua Zhang (Schriftf\u00fchrer)<\/li>\n\n\n\n<li>Mariana M\u00fcnning und Rafael Pekmezovic (Beisitzer\/in)<\/li>\n<\/ul>\n\n\n\n<hr class=\"wp-block-separator has-alpha-channel-opacity\"\/>\n\n\n\n<p>Auf der Jahresmitgliederversammlung am&nbsp;<strong>07.06.2022<\/strong>&nbsp;wurden gew\u00e4hlt:<\/p>\n\n\n\n<ul class=\"wp-block-list\">\n<li>Mariana M\u00fcnning&nbsp;(Vorsitzende)<\/li>\n\n\n\n<li>Joost Brokke (1. Stellvertretende Vorsitzende)<\/li>\n\n\n\n<li>Janina Heker (2. Stellvertretende&nbsp;Vorsitzende)<\/li>\n\n\n\n<li>Rafael Pekmezovic (Kassenwart)<\/li>\n\n\n\n<li>Stanley Setiawan&nbsp;(Schriftf\u00fchrer)<\/li>\n<\/ul>\n\n\n\n<hr class=\"wp-block-separator has-alpha-channel-opacity\"\/>\n\n\n\n<p>Auf der Jahresmitgliederversammlung am&nbsp;<strong>19.04.2021<\/strong>&nbsp;wurden gew\u00e4hlt:<\/p>\n\n\n\n<ul class=\"wp-block-list\">\n<li>Mariana M\u00fcnning&nbsp;(Vorsitzende)<\/li>\n\n\n\n<li>Kira-Kristina H\u00fclshoff (1. Stellvertretende Vorsitzende)<\/li>\n\n\n\n<li>Lydia Rachel (2. Stellvertretende&nbsp;Vorsitzende)<\/li>\n\n\n\n<li>Rafael Pekmezovic (Kassenwart)<\/li>\n\n\n\n<li>Stanley Setiawan&nbsp;(Schriftf\u00fchrer)<\/li>\n\n\n\n<li>David Eid (Beisitzer)<\/li>\n<\/ul>\n\n\n\n<hr class=\"wp-block-separator has-alpha-channel-opacity\"\/>\n\n\n\n<p>Auf der Jahresmitgliederversammlung am&nbsp;<strong>05.12.2019<\/strong>&nbsp;wurden gew\u00e4hlt:<\/p>\n\n\n\n<ul class=\"wp-block-list\">\n<li>Mariana M\u00fcnning&nbsp;(Vorsitzende)<\/li>\n\n\n\n<li>Hannes Jedeck (1. Stellvertretender Vorsitzender)<\/li>\n\n\n\n<li>Kira-Kristina H\u00fclshoff&nbsp;(2. Stellvertretende&nbsp;Vorsitzende)<\/li>\n\n\n\n<li>Rafael Pekmezovic (Kassenwart)<\/li>\n\n\n\n<li>Stanley Setiawan&nbsp;(Schriftf\u00fchrer)<\/li>\n\n\n\n<li>David Eid (Beisitzer)<\/li>\n<\/ul>\n\n\n\n<hr class=\"wp-block-separator has-alpha-channel-opacity\"\/>\n\n\n\n<p>Auf der Jahresmitgliederversammlung am&nbsp;<strong>19.07.2018<\/strong>&nbsp;wurden gew\u00e4hlt:<\/p>\n\n\n\n<ul class=\"wp-block-list\">\n<li>Mariana M\u00fcnning (Vorsitzende)<\/li>\n\n\n\n<li>Hannes Jedeck (Stellvertretender Vorsitzender)<\/li>\n\n\n\n<li>Kira-Kristina H\u00fclshoff (Zweite Stellvertretende Vorsitzende)<\/li>\n\n\n\n<li>Daniel Fleck (Kassenwart)<\/li>\n\n\n\n<li>Stanley Setiawan (Schriftf\u00fchrer)<\/li>\n\n\n\n<li>Marjolijn Kaiser (Beisitzerin)<\/li>\n<\/ul>\n\n\n\n<hr class=\"wp-block-separator has-alpha-channel-opacity\"\/>\n\n\n\n<p>Auf der Jahresmitgliederversammlung am&nbsp;<strong>26.04.2017<\/strong>&nbsp;wurden gew\u00e4hlt:<\/p>\n\n\n\n<ul class=\"wp-block-list\">\n<li>Giulia Merker (Vorsitzende)<\/li>\n\n\n\n<li>Kira-Kristina H\u00fclshoff (Stellvertretende Vorsitzende)<\/li>\n\n\n\n<li>Daniel Fleck (Kassenwart)<\/li>\n\n\n\n<li>Katherina Ho (Schriftf\u00fchrerin)<\/li>\n\n\n\n<li>Abhilash Nalpathamkalam (Beisitzer)<\/li>\n\n\n\n<li>Oliver Schulz (Beisitzer)<\/li>\n\n\n\n<li>Stanley Setiawan (Beisitzer)<\/li>\n<\/ul>\n\n\n\n<figure class=\"wp-block-image size-full\"><img loading=\"lazy\" decoding=\"async\" width=\"640\" height=\"360\" src=\"https:\/\/shan-hd.de\/wp-content\/uploads\/2025\/09\/Unknown.png\" alt=\"\" class=\"wp-image-82\" srcset=\"https:\/\/shan-hd.de\/wp-content\/uploads\/2025\/09\/Unknown.png 640w, https:\/\/shan-hd.de\/wp-content\/uploads\/2025\/09\/Unknown-300x169.png 300w\" sizes=\"auto, (max-width: 640px) 100vw, 640px\" \/><\/figure>\n\n\n\n<hr class=\"wp-block-separator has-alpha-channel-opacity\"\/>\n\n\n\n<p>Auf der Jahresmitgliederversammlung am&nbsp;<strong>20.01.2016<\/strong>&nbsp;wurden gew\u00e4hlt:<\/p>\n\n\n\n<ul class=\"wp-block-list\">\n<li>Kira-Kristina H\u00fclshoff (Vorsitzende)<\/li>\n\n\n\n<li>Giulia Merker (Stellvertrende Vorsitzende)<\/li>\n\n\n\n<li>Merle Milla (Kassenwartin)<\/li>\n\n\n\n<li>Sophia Zasche (Schriftf\u00fchrerin)<\/li>\n\n\n\n<li>Stanley Setiawan (Beisitzer)\u200b<\/li>\n<\/ul>\n\n\n\n<figure class=\"wp-block-image size-full\"><img loading=\"lazy\" decoding=\"async\" width=\"650\" height=\"488\" src=\"https:\/\/shan-hd.de\/wp-content\/uploads\/2025\/09\/fittosize__650_488_ada40e66551ab69b3be374e8e941b712_vorstand.jpg\" alt=\"\" class=\"wp-image-83\" srcset=\"https:\/\/shan-hd.de\/wp-content\/uploads\/2025\/09\/fittosize__650_488_ada40e66551ab69b3be374e8e941b712_vorstand.jpg 650w, https:\/\/shan-hd.de\/wp-content\/uploads\/2025\/09\/fittosize__650_488_ada40e66551ab69b3be374e8e941b712_vorstand-300x225.jpg 300w\" sizes=\"auto, (max-width: 650px) 100vw, 650px\" \/><\/figure>\n<\/div>\n\n\n\n<div class=\"wp-block-column is-layout-flow wp-block-column-is-layout-flow\" style=\"flex-basis:25%\">\n<div class=\"wp-block-group is-vertical is-layout-flex wp-container-core-group-is-layout-fe9cc265 wp-block-group-is-layout-flex\"><\/div>\n<\/div>\n<\/div>\n<\/div>\n<\/div>\n","protected":false},"excerpt":{"rendered":"<p>Auf der Jahresmitgliederversammlung am&nbsp;10.08.2025&nbsp;wurde gew\u00e4hlt: Auf der Jahresmitgliederversammlung am&nbsp;19.07.2024&nbsp;wurde gew\u00e4hlt: Auf der Jahresmitgliederversammlung am&nbsp;05.05.2023&nbsp;wurde gew\u00e4hlt: Auf der Jahresmitgliederversammlung am&nbsp;07.06.2022&nbsp;wurden gew\u00e4hlt: Auf der Jahresmitgliederversammlung am&nbsp;19.04.2021&nbsp;wurden gew\u00e4hlt: Auf der Jahresmitgliederversammlung am&nbsp;05.12.2019&nbsp;wurden gew\u00e4hlt: [&hellip;]<\/p>\n","protected":false},"author":1,"featured_media":0,"parent":0,"menu_order":0,"comment_status":"closed","ping_status":"closed","template":"","meta":{"_EventAllDay":false,"_EventTimezone":"","_EventStartDate":"","_EventEndDate":"","_EventStartDateUTC":"","_EventEndDateUTC":"","_EventShowMap":false,"_EventShowMapLink":false,"_EventURL":"","_EventCost":"","_EventCostDescription":"","_EventCurrencySymbol":"","_EventCurrencyCode":"","_EventCurrencyPosition":"","_EventDateTimeSeparator":"","_EventTimeRangeSeparator":"","_EventOrganizerID":[],"_EventVenueID":[],"_OrganizerEmail":"","_OrganizerPhone":"","_OrganizerWebsite":"","_VenueAddress":"","_VenueCity":"","_VenueCountry":"","_VenueProvince":"","_VenueState":"","_VenueZip":"","_VenuePhone":"","_VenueURL":"","_VenueStateProvince":"","_VenueLat":"","_VenueLng":"","_VenueShowMap":false,"_VenueShowMapLink":false,"footnotes":""},"class_list":["post-81","page","type-page","status-publish","hentry"],"yoast_head":"<!-- This site is optimized with the Yoast SEO plugin v26.2 - https:\/\/yoast.com\/wordpress\/plugins\/seo\/ -->\n<title>Vorstand - SHAN e.V.<\/title>\n<meta name=\"robots\" content=\"index, follow, max-snippet:-1, max-image-preview:large, max-video-preview:-1\" \/>\n<link rel=\"canonical\" href=\"https:\/\/shan-hd.de\/index.php\/vorstand\/\" \/>\n<meta property=\"og:locale\" content=\"de_DE\" \/>\n<meta property=\"og:type\" content=\"article\" \/>\n<meta property=\"og:title\" content=\"Vorstand - SHAN e.V.\" \/>\n<meta property=\"og:description\" content=\"Auf der Jahresmitgliederversammlung am&nbsp;10.08.2025&nbsp;wurde gew\u00e4hlt: Auf der Jahresmitgliederversammlung am&nbsp;19.07.2024&nbsp;wurde gew\u00e4hlt: Auf der Jahresmitgliederversammlung am&nbsp;05.05.2023&nbsp;wurde gew\u00e4hlt: Auf der Jahresmitgliederversammlung am&nbsp;07.06.2022&nbsp;wurden gew\u00e4hlt: Auf der Jahresmitgliederversammlung am&nbsp;19.04.2021&nbsp;wurden gew\u00e4hlt: Auf der Jahresmitgliederversammlung am&nbsp;05.12.2019&nbsp;wurden gew\u00e4hlt: [&hellip;]\" \/>\n<meta property=\"og:url\" content=\"https:\/\/shan-hd.de\/index.php\/vorstand\/\" \/>\n<meta property=\"og:site_name\" content=\"SHAN e.V.\" \/>\n<meta property=\"article:modified_time\" content=\"2025-10-09T10:26:18+00:00\" \/>\n<meta property=\"og:image\" content=\"https:\/\/shan-hd.de\/wp-content\/uploads\/2025\/09\/Unknown.png\" \/>\n\t<meta property=\"og:image:width\" content=\"640\" \/>\n\t<meta property=\"og:image:height\" content=\"360\" \/>\n\t<meta property=\"og:image:type\" content=\"image\/png\" \/>\n<meta name=\"twitter:card\" content=\"summary_large_image\" \/>\n<meta name=\"twitter:label1\" content=\"Gesch\u00e4tzte Lesezeit\" \/>\n\t<meta name=\"twitter:data1\" content=\"2\u00a0Minuten\" \/>\n<script type=\"application\/ld+json\" class=\"yoast-schema-graph\">{\"@context\":\"https:\/\/schema.org\",\"@graph\":[{\"@type\":\"WebPage\",\"@id\":\"https:\/\/shan-hd.de\/index.php\/vorstand\/\",\"url\":\"https:\/\/shan-hd.de\/index.php\/vorstand\/\",\"name\":\"Vorstand - SHAN e.V.\",\"isPartOf\":{\"@id\":\"https:\/\/shan-hd.de\/#website\"},\"primaryImageOfPage\":{\"@id\":\"https:\/\/shan-hd.de\/index.php\/vorstand\/#primaryimage\"},\"image\":{\"@id\":\"https:\/\/shan-hd.de\/index.php\/vorstand\/#primaryimage\"},\"thumbnailUrl\":\"https:\/\/shan-hd.de\/wp-content\/uploads\/2025\/09\/Unknown.png\",\"datePublished\":\"2025-09-30T09:45:37+00:00\",\"dateModified\":\"2025-10-09T10:26:18+00:00\",\"breadcrumb\":{\"@id\":\"https:\/\/shan-hd.de\/index.php\/vorstand\/#breadcrumb\"},\"inLanguage\":\"de\",\"potentialAction\":[{\"@type\":\"ReadAction\",\"target\":[\"https:\/\/shan-hd.de\/index.php\/vorstand\/\"]}]},{\"@type\":\"ImageObject\",\"inLanguage\":\"de\",\"@id\":\"https:\/\/shan-hd.de\/index.php\/vorstand\/#primaryimage\",\"url\":\"https:\/\/shan-hd.de\/wp-content\/uploads\/2025\/09\/Unknown.png\",\"contentUrl\":\"https:\/\/shan-hd.de\/wp-content\/uploads\/2025\/09\/Unknown.png\",\"width\":640,\"height\":360},{\"@type\":\"BreadcrumbList\",\"@id\":\"https:\/\/shan-hd.de\/index.php\/vorstand\/#breadcrumb\",\"itemListElement\":[{\"@type\":\"ListItem\",\"position\":1,\"name\":\"Startseite\",\"item\":\"https:\/\/shan-hd.de\/\"},{\"@type\":\"ListItem\",\"position\":2,\"name\":\"Vorstand\"}]},{\"@type\":\"WebSite\",\"@id\":\"https:\/\/shan-hd.de\/#website\",\"url\":\"https:\/\/shan-hd.de\/\",\"name\":\"SHAN e.V.\",\"description\":\"Sinologie Heidelberg Alumni-Netzwerk\",\"publisher\":{\"@id\":\"https:\/\/shan-hd.de\/#organization\"},\"potentialAction\":[{\"@type\":\"SearchAction\",\"target\":{\"@type\":\"EntryPoint\",\"urlTemplate\":\"https:\/\/shan-hd.de\/?s={search_term_string}\"},\"query-input\":{\"@type\":\"PropertyValueSpecification\",\"valueRequired\":true,\"valueName\":\"search_term_string\"}}],\"inLanguage\":\"de\"},{\"@type\":\"Organization\",\"@id\":\"https:\/\/shan-hd.de\/#organization\",\"name\":\"SHAN e.V.\",\"url\":\"https:\/\/shan-hd.de\/\",\"logo\":{\"@type\":\"ImageObject\",\"inLanguage\":\"de\",\"@id\":\"https:\/\/shan-hd.de\/#\/schema\/logo\/image\/\",\"url\":\"https:\/\/shan-hd.de\/wp-content\/uploads\/2024\/04\/SHANLogoGross.jpg\",\"contentUrl\":\"https:\/\/shan-hd.de\/wp-content\/uploads\/2024\/04\/SHANLogoGross.jpg\",\"width\":645,\"height\":371,\"caption\":\"SHAN e.V.\"},\"image\":{\"@id\":\"https:\/\/shan-hd.de\/#\/schema\/logo\/image\/\"}}]}<\/script>\n<!-- \/ Yoast SEO plugin. -->","yoast_head_json":{"title":"Vorstand - SHAN e.V.","robots":{"index":"index","follow":"follow","max-snippet":"max-snippet:-1","max-image-preview":"max-image-preview:large","max-video-preview":"max-video-preview:-1"},"canonical":"https:\/\/shan-hd.de\/index.php\/vorstand\/","og_locale":"de_DE","og_type":"article","og_title":"Vorstand - SHAN e.V.","og_description":"Auf der Jahresmitgliederversammlung am&nbsp;10.08.2025&nbsp;wurde gew\u00e4hlt: Auf der Jahresmitgliederversammlung am&nbsp;19.07.2024&nbsp;wurde gew\u00e4hlt: Auf der Jahresmitgliederversammlung am&nbsp;05.05.2023&nbsp;wurde gew\u00e4hlt: Auf der Jahresmitgliederversammlung am&nbsp;07.06.2022&nbsp;wurden gew\u00e4hlt: Auf der Jahresmitgliederversammlung am&nbsp;19.04.2021&nbsp;wurden gew\u00e4hlt: Auf der Jahresmitgliederversammlung am&nbsp;05.12.2019&nbsp;wurden gew\u00e4hlt: [&hellip;]","og_url":"https:\/\/shan-hd.de\/index.php\/vorstand\/","og_site_name":"SHAN e.V.","article_modified_time":"2025-10-09T10:26:18+00:00","og_image":[{"width":640,"height":360,"url":"https:\/\/shan-hd.de\/wp-content\/uploads\/2025\/09\/Unknown.png","type":"image\/png"}],"twitter_card":"summary_large_image","twitter_misc":{"Gesch\u00e4tzte Lesezeit":"2\u00a0Minuten"},"schema":{"@context":"https:\/\/schema.org","@graph":[{"@type":"WebPage","@id":"https:\/\/shan-hd.de\/index.php\/vorstand\/","url":"https:\/\/shan-hd.de\/index.php\/vorstand\/","name":"Vorstand - SHAN e.V.","isPartOf":{"@id":"https:\/\/shan-hd.de\/#website"},"primaryImageOfPage":{"@id":"https:\/\/shan-hd.de\/index.php\/vorstand\/#primaryimage"},"image":{"@id":"https:\/\/shan-hd.de\/index.php\/vorstand\/#primaryimage"},"thumbnailUrl":"https:\/\/shan-hd.de\/wp-content\/uploads\/2025\/09\/Unknown.png","datePublished":"2025-09-30T09:45:37+00:00","dateModified":"2025-10-09T10:26:18+00:00","breadcrumb":{"@id":"https:\/\/shan-hd.de\/index.php\/vorstand\/#breadcrumb"},"inLanguage":"de","potentialAction":[{"@type":"ReadAction","target":["https:\/\/shan-hd.de\/index.php\/vorstand\/"]}]},{"@type":"ImageObject","inLanguage":"de","@id":"https:\/\/shan-hd.de\/index.php\/vorstand\/#primaryimage","url":"https:\/\/shan-hd.de\/wp-content\/uploads\/2025\/09\/Unknown.png","contentUrl":"https:\/\/shan-hd.de\/wp-content\/uploads\/2025\/09\/Unknown.png","width":640,"height":360},{"@type":"BreadcrumbList","@id":"https:\/\/shan-hd.de\/index.php\/vorstand\/#breadcrumb","itemListElement":[{"@type":"ListItem","position":1,"name":"Startseite","item":"https:\/\/shan-hd.de\/"},{"@type":"ListItem","position":2,"name":"Vorstand"}]},{"@type":"WebSite","@id":"https:\/\/shan-hd.de\/#website","url":"https:\/\/shan-hd.de\/","name":"SHAN e.V.","description":"Sinologie Heidelberg Alumni-Netzwerk","publisher":{"@id":"https:\/\/shan-hd.de\/#organization"},"potentialAction":[{"@type":"SearchAction","target":{"@type":"EntryPoint","urlTemplate":"https:\/\/shan-hd.de\/?s={search_term_string}"},"query-input":{"@type":"PropertyValueSpecification","valueRequired":true,"valueName":"search_term_string"}}],"inLanguage":"de"},{"@type":"Organization","@id":"https:\/\/shan-hd.de\/#organization","name":"SHAN e.V.","url":"https:\/\/shan-hd.de\/","logo":{"@type":"ImageObject","inLanguage":"de","@id":"https:\/\/shan-hd.de\/#\/schema\/logo\/image\/","url":"https:\/\/shan-hd.de\/wp-content\/uploads\/2024\/04\/SHANLogoGross.jpg","contentUrl":"https:\/\/shan-hd.de\/wp-content\/uploads\/2024\/04\/SHANLogoGross.jpg","width":645,"height":371,"caption":"SHAN e.V."},"image":{"@id":"https:\/\/shan-hd.de\/#\/schema\/logo\/image\/"}}]}},"_links":{"self":[{"href":"https:\/\/shan-hd.de\/index.php\/wp-json\/wp\/v2\/pages\/81","targetHints":{"allow":["GET"]}}],"collection":[{"href":"https:\/\/shan-hd.de\/index.php\/wp-json\/wp\/v2\/pages"}],"about":[{"href":"https:\/\/shan-hd.de\/index.php\/wp-json\/wp\/v2\/types\/page"}],"author":[{"embeddable":true,"href":"https:\/\/shan-hd.de\/index.php\/wp-json\/wp\/v2\/users\/1"}],"replies":[{"embeddable":true,"href":"https:\/\/shan-hd.de\/index.php\/wp-json\/wp\/v2\/comments?post=81"}],"version-history":[{"count":2,"href":"https:\/\/shan-hd.de\/index.php\/wp-json\/wp\/v2\/pages\/81\/revisions"}],"predecessor-version":[{"id":111,"href":"https:\/\/shan-hd.de\/index.php\/wp-json\/wp\/v2\/pages\/81\/revisions\/111"}],"wp:attachment":[{"href":"https:\/\/shan-hd.de\/index.php\/wp-json\/wp\/v2\/media?parent=81"}],"curies":[{"name":"wp","href":"https:\/\/api.w.org\/{rel}","templated":true}]}}